 and 4.
4
What is the highest common divisor of 8622 and 18?
18
What is the highest common factor of 705 and 188?
47
What is the highest common factor of 54 and 4626?
18
What is the greatest common factor of 2148 and 84?
12
Calculate the greatest common divisor of 1484 and 21147.
371
What is the greatest common divisor of 3170 and 10?
10
What is the greatest common factor of 72 and 63?
9
What is the highest common divisor of 19924 and 136?
68
What is the greatest common factor of 210 and 98?
14
What is the greatest common divisor of 2 and 1270?
2
What is the highest common factor of 180 and 90?
90
Calculate the greatest common divisor of 154 and 42.
14
Calculate the greatest common factor of 2196 and 216.
36
What is the greatest common factor of 176 and 136?
8
Calculate the highest common divisor of 693 and 252.
63
Calculate the highest common divisor of 142 and 4118.
142
Calculate the greatest common factor of 24886 and 46.
46
Calculate the greatest common factor of 8021 and 13.
13
Calculate the greatest common factor of 220 and 550.
110
What is the greatest common divisor of 104 and 39?
13
Calculate the highest common divisor of 120 and 740.
20
Calculate the highest common divisor of 25 and 175.
25
What is the greatest common factor of 67097 and 229?
229
Calculate the greatest common divisor of 39 and 637.
13
What is the greatest common factor of 2250 and 275?
25
Calculate the greatest common factor of 81 and 351.
27
What is the greatest common divisor of 913 and 121?
11
What is the greatest common divisor of 623 and 712?
89
Calculate the greatest common factor of 140 and 200.
20
What is the highest common factor of 99 and 3168?
99
Calculate the highest common divisor of 3143 and 35.
7
What is the highest common factor of 357 and 17?
17
What is the greatest common divisor of 2 and 146?
2
Calculate the greatest common factor of 3473 and 302.
151
What is the highest common divisor of 1272 and 2067?
159
Calculate the greatest common divisor of 600 and 80.
40
Calculate the greatest common factor of 403 and 13.
13
Calculate the greatest common factor of 10 and 30.
10
What is the greatest common factor of 15247 and 193?
193
What is the greatest common factor of 16 and 8?
8
What is the greatest common divisor of 54 and 6291?
27
Calculate the highest common factor of 12 and 3.
3
What is the highest common divisor of 294 and 168?
42
Calculate the highest common factor of 231 and 99.
33
What is the highest common factor of 60 and 114?
6
What is the greatest common factor of 40 and 140?
20
Calculate the greatest common divisor of 13452 and 1368.
228
Calculate the highest common factor of 666 and 18.
18
What is the greatest common divisor of 18 and 174?
6
Calculate the highest common divisor of 245 and 147.
49
Calculate the greatest common divisor of 667 and 29.
29
Calculate the highest common divisor of 1475 and 100.
25
What is the highest common divisor of 93 and 899?
31
What is the highest common factor of 9 and 2385?
9
Calculate the highest common factor of 297 and 66.
33
What is the highest common divisor of 899 and 2759?
31
Calculate the highest common factor of 153 and 1275.
51
What is the highest common divisor of 23 and 22586?
23
Calculate the greatest common divisor of 159 and 53.
53
What is the greatest common divisor of 18944 and 740?
148
What is the highest common factor of 430 and 20?
10
What is the highest common divisor of 10322 and 52?
26
Calculate the highest common divisor of 3924 and 1417.
109
What is the highest common divisor of 133 and 14?
7
Calculate the highest common divisor of 54 and 72.
18
What is the greatest common factor of 3 and 1761?
3
Calculate the highest common divisor of 5 and 335.
5
What is the highest common factor of 132 and 18?
6
Calculate the highest common factor of 42 and 8220.
6
Calculate the highest common factor of 171 and 657.
9
What is the highest common divisor of 20 and 1690?
10
What is the greatest common divisor of 46 and 3588?
46
Calculate the greatest common factor of 1701 and 9.
9
What is the highest common divisor of 32 and 296?
8
What is the greatest common divisor of 288 and 10512?
144
Calculate the highest common factor of 462 and 560.
14
Calculate the highest common divisor of 135 and 9.
9
Calculate the highest common factor of 3060 and 2856.
204
What is the greatest common factor of 350 and 21?
7
What is the highest common factor of 95 and 19?
19
What is the greatest common divisor of 644 and 28?
28
Calculate the greatest common factor of 837 and 54.
27
Calculate the highest common divisor of 1 and 17.
1
Calculate the highest common divisor of 235 and 5.
5
What is the highest common factor of 60 and 36?
12
Calculate the greatest common factor of 23042 and 82.
82
What is the highest common divisor of 2356 and 124?
124
What is the highest common factor of 54 and 6?
6
What is the highest common factor of 72 and 768?
24
What is the highest common factor of 651 and 93?
93
What is the highest common divisor of 80 and 64?
16
Calculate the highest common divisor of 400 and 336.
16
What is the highest common divisor of 3580 and 20?
20
Calculate the greatest common factor of 19 and 25213.
19
What is the greatest common divisor of 27587 and 49?
49
Calculate the highest common divisor of 3459 and 24.
3
Calculate the greatest common divisor of 224 and 96.
32
Calculate the highest common factor of 2 and 722.
2
What is the greatest common factor of 1029 and 784?
49
Calculate the greatest common factor of 37 and 3293.
37
Calculate the greatest common divisor of 595 and 170.
85
What is the highest common divisor of 820 and 20?
20
Calculate the highest common divisor of 128 and 1152.
128
Calculate the greatest common factor of 39 and 351.
39
What is the greatest common factor of 52 and 754?
26
Calculate the highest common factor of 27300 and 156.
156
Calculate the greatest common divisor of 322 and 69.
23
Calculate the highest common divisor of 10348 and 39.
13
Calculate the highest common divisor of 17 and 1989.
17
What is the highest common factor of 10813 and 55?
11
What is the greatest common factor of 15004 and 124?
124
What is the greatest common divisor of 2401 and 49?
49
Calculate the greatest common divisor of 15 and 4965.
15
Calculate the greatest common divisor of 690 and 9890.
230
What is the greatest common divisor of 8960 and 385?
35
What is the greatest common divisor of 8188 and 736?
92
What is the highest common divisor of 2072 and 56?
56
What is the greatest common factor of 928 and 1044?
116
What is the greatest common factor of 297 and 33?
33
Calculate the highest common divisor of 53 and 583.
53
Calculate the highest common divisor of 189 and 81.
27
What is the greatest common divisor of 9272 and 366?
122
Calculate the greatest common divisor of 252 and 57204.
252
Calculate the greatest common divisor of 8 and 26.
2
Calculate the highest common factor of 1 and 341.
1
Calculate the highest common divisor of 65 and 221.
13
Calculate the greatest common divisor of 210 and 6230.
70
Calculate the greatest common divisor of 144 and 4880.
16
Calculate the greatest common factor of 2 and 8.
2
Calculate the greatest common factor of 741 and 78.
39
What is the greatest common divisor of 22 and 2354?
22
What is the greatest common factor of 697 and 779?
41
What is the greatest common factor of 7680 and 16?
16
What is the highest common factor of 282 and 6?
6
What is the greatest common divisor of 10 and 1306?
2
Calculate the greatest common divisor of 180 and 450.
90
Calculate the greatest common divisor of 34 and 374.
34
What is the highest common divisor of 396 and 3924?
36
What is the greatest common divisor of 2072 and 168?
56
Calculate the greatest common divisor of 358 and 4.
2
What is the greatest common divisor of 990 and 216?
18
What is the greatest common factor of 1648 and 5150?
206
What is the greatest common factor of 342 and 54?
18
Calculate the highest common divisor of 1159 and 976.
61
Calculate the highest common divisor of 114 and 2090.
38
Calculate the greatest common factor of 7301 and 149.
149
Calculate the highest common divisor of 162 and 243.
81
What is the highest common factor of 1390 and 139?
139
What is the highest common factor of 1 and 625?
1
Calculate the highest c